and 8.
8
Let c(x) be the first derivative of x**4/4 + 10*x**3/3 - 3*x**2/2 - 6*x - 31. Let i be c(-10). Calculate the highest common factor of i and 6.
6
Suppose -n = 5*m - 83, 2*n - 45 = -3*m - n. Let j = 53 + m. Calculate the greatest common factor of j and 14.
14
Suppose 0 = 2*y - 69 - 147. Let x be 3 + (-5)/(10/(-18)). Calculate the greatest common factor of x and y.
12
Suppose 2*m - 87 = 39. Let g = -320 + 329. Calculate the highest common divisor of m and g.
9
Let x be (-240)/160*13*-2. What is the highest common divisor of x and 39?
39
Let z = 7 + -4. Let d(w) = 4*w + 1. Let u(m) = m**2. Let s(g) = -d(g) + 5*u(g). Let v be s(z). Calculate the highest common divisor of v and 48.
16
Suppose -4 + 14 = 10*c. Let p(u) be the third derivative of 4*u**6/15 + u**5/60 - u**3/6 - u**2. Let t be p(c). What is the greatest common factor of 16 and t?
16
Suppose 2*f - 5*f = 33. Let b(v) = -2*v + 14. Let i be b(f). Calculate the greatest common divisor of i and 4.
4
Let o = 44 - 42. Suppose -3*v = -3*m - 51 - 12, v - 24 = -o*m. What is the highest common divisor of 33 and v?
11
Let x = -678 - -1239. What is the highest common divisor of 102 and x?
51
Let z = -1313 + 1371. Calculate the highest common divisor of z and 261.
29
Let i be (0 - 32)*(-9)/(-12). Let o be (8/(-3))/(i/108). Let u be (-3 + 7)/(2/o). What is the highest common factor of u and 3?
3
Let b = -31 + 43. Let s(v) = 4*v**3 - 4*v**2 - 3*v + 2. Let q be s(3). Let k be (b/1)/(13/q). Calculate the greatest common factor of k and 24.
12
Let h(b) be the first derivative of 5*b**2/2 - 8*b - 4. Let i be h(6). Calculate the highest common factor of 55 and i.
11
Let s(x) = 396*x - 392. Let i be s(2). Calculate the highest common factor of i and 320.
80
Suppose 5*y - 4*l - 79 = -2*l, -81 = -5*y + 3*l. Let f = y + -10. Let h(t) = -3*t + 2. Let q be h(-6). What is the greatest common divisor of f and q?
5
Let a = 38 + -29. Suppose -39 = -3*o + 5*w, -4*w = 2*o - 39 - a. Calculate the highest common factor of o and 27.
9
Let d be (19671/(-415))/((-16)/15 - -1). What is the highest common divisor of 316 and d?
79
Suppose 2*f + 3*p + 17 - 131 = 0, 0 = -5*f + p + 302. What is the greatest common factor of 432 and f?
12
Suppose 5*h - 96 = -h. Let r be 1*(-3 - (5 - 2)). Let n be 8/(3 + 17/r). What is the greatest common divisor of h and n?
16
Let c = 108 + -64. Let d(q) = q**2 - q + 2. Suppose -4 = -3*x + x. Let y be d(x). What is the greatest common factor of y and c?
4
Suppose 2*o - 25 - 9 = 0. Let j = o - 9. Calculate the greatest common factor of j and 16.
8
Let z = 2262 - 2132. What is the highest common factor of z and 286?
26
Let i be (-6 + (-3)/(15/(-50)))*64. What is the highest common divisor of i and 48?
16
Suppose -4*z + 144 - 150 = -5*u, -5*u = 5*z - 15. Calculate the highest common divisor of 59 and u.
1
Suppose -43 = -i - p - 6, 0 = -4*i + 4*p + 164. Let n(y) = 3*y - 2. Let r = 7 + -2. Let k be n(r). What is the greatest common factor of i and k?
13
Let o be (-104)/((-10)/5) + -1. What is the highest common divisor of o and 17?
17
Let i be 794/14 - (-8)/28. Let w = 18 + 1. Calculate the highest common divisor of w and i.
19
Suppose 608 = 5*n - 3*m, 61*n = 63*n - m - 243. Calculate the greatest common divisor of 22 and n.
11
Suppose 3*l - y - 10 = -l, 2 = -2*l + 4*y. Suppose l*g = 8*g - 180. What is the highest common divisor of 12 and g?
12
Let q(w) = 15*w - 3. Let g = 7 - 5. Let m be q(g). Suppose -1 - m = -a. Calculate the highest common factor of a and 4.
4
Suppose -12*c = -7*c - 105. Let k = c - -43. What is the greatest common divisor of k and 8?
8
Suppose 2 = -a + 6, 0 = t + 5*a - 76. What is the highest common factor of t and 280?
56
Let x be 97 - 2/(-3 + 5). Let u = -855 + 867. Calculate the greatest common factor of x and u.
12
Suppose 4*w + 4 = 0, -w - 13 + 12 = 3*q. Suppose 4*i + 3*t = 111, q = -i + 4*t + 31 + 11. What is the highest common factor of i and 6?
6
Suppose -359 + 16 = -5*b + h, -4*b + 3*h + 270 = 0. Suppose -5*g + 107 = 2*o, o - 43 = -g + 6*o. Calculate the highest common divisor of b and g.
23
Suppose 3*t - 1572 = -q, q + t + 883 = 2463. What is the highest common factor of q and 12?
12
Suppose 9*t - 35 = 10. Let x = 59 + t. Calculate the greatest common divisor of 16 and x.
16
Suppose 32*c - 40 = 27*c. Suppose 0*q + 112 = 2*q. What is the greatest common factor of c and q?
8
Suppose 8*t - 7*t + 22 = 3*b, 0 = -5*b + t + 36. Calculate the highest common factor of 791 and b.
7
Suppose 2*q + q - 2*d = -300, 0 = 4*d. Let y be (q/(-8)*4)/1. What is the highest common factor of y and 5?
5
Let g be 94/18 - (-16)/(-72). Let n be 6/g*9/((-18)/(-20)). What is the highest common factor of n and 12?
12
Suppose 5*a = -943 - 172. Let f = a + 319. Calculate the highest common factor of f and 12.
12
Let p = 141 + -47. Calculate the highest common divisor of 235 and p.
47
Let j = 171 - 199. Let p = -43 + -6. Let l = j - p. What is the highest common factor of l and 14?
7
Let c(g) = g**2 + 13. Let y be c(-7). Let o = y + -44. Calculate the highest common divisor of 54 and o.
18
Let a be 164*(123/12 - (4 + -9)). What is the greatest common factor of 61 and a?
61
Let z = -24 + 24. Suppose z = a + 2, a - 14 = -3*h - h. Calculate the highest common divisor of 4 and h.
4
Let t(w) = 2*w**3 + 16*w**2 + 2*w - 12. Let r be t(-7). Calculate the greatest common divisor of 1224 and r.
72
Suppose -q + 3*a - a = 2, 40 = 4*q + 4*a. Suppose -8*c + 63 - 15 = 0. What is the highest common divisor of c and q?
6
Suppose i - 4*z - 27 = 0, i - z = -0*i + 21. Let m = i - 23. Let u be ((-2)/2)/(m/352). What is the greatest common factor of u and 11?
11
Suppose -12*c + 126*c - 20976 = 0. Let x = -13 - -36. Calculate the greatest common divisor of x and c.
23
Let y be 6/(-9) - (-58)/6. Suppose 36 = -2*f - 4. Let l be 81*(f/(-4) + -4). Calculate the highest common factor of l and y.
9
Let w be (7/(-21))/(3/18) - (-49 - -1). Suppose 5*j + 34 = -4*f + 629, -4*f = -20. What is the greatest common divisor of w and j?
23
Let d = -98 - -168. Let a = d + -43. Suppose -2*v + 4*z + 36 = 0, v - 18 = 5*z - z. What is the highest common divisor of v and a?
9
Let l(k) = -k**3 + 6*k**2 - 6*k + 6. Let v be l(2). What is the greatest common factor of 90 and v?
10
Let k = 4336 - 4294. Let u = 103 - -191. What is the highest common factor of u and k?
42
Let t = -575 - -600. Calculate the highest common factor of t and 75.
25
Suppose 40*b - 374 = 35*b - 2*w, 2*w = -6. What is the highest common factor of b and 323?
19
Let s be ((-68)/51)/(4/(-12)). What is the highest common divisor of 508 and s?
4
Suppose -8*y + 11720 = 3152. What is the greatest common factor of 238 and y?
119
Let i = 312 + -186. Let u be (-2)/12 - 10/12. Let d be 3 - (2 - (12 - u)). Calculate the highest common factor of d and i.
14
Let j(y) = 2*y**2 + 3*y - 5. Let p be j(2). Calculate the greatest common divisor of 171 and p.
9
Suppose n = -4*t + 34, 2*n - n - 4*t - 2 = 0. What is the highest common divisor of 1278 and n?
18
Suppose -5 = -5*z - 0. Let u be z - 9 - -4 - -6. What is the greatest common divisor of u and 1?
1
Let t = 168 + -114. Let h be (-4)/10 + t/10. Let a be 26 + (8 - 5)/(-3). Calculate the greatest common divisor of h and a.
5
Let w = -306 + 144. Let d = 225 + w. Calculate the highest common factor of 84 and d.
21
Let d(a) = a**3 + 10*a**2 + 11*a - 19. Let r be d(-8). What is the highest common factor of 7 and r?
7
Let w be ((-3)/(-2))/((-5)/(-10)). Suppose 0 = 5*r - 4*b + 15, 0 = -w*r + 6*b - 2*b - 17. Let j = 353 + -342. What is the highest common divisor of r and j?
1
Let i be 387/(-45) + (-4)/10. Let z be (-24)/i*33/4. What is the highest common factor of z and 242?
22
Let b be (-4)/10 + 442/5. Let d be (0 - (-2 - -1)) + (-39)/(-1). Suppose -7*p - d = -12*p. What is the greatest common divisor of p and b?
8
Let v be (-10)/(-45) + 32/18. Suppose v*m - 391 = 3*r, 2*m + 76 = -3*r + 461. Let a = m - 109. What is the highest common divisor of a and 17?
17
Let h(o) = 18*o**2 + 3*o + 9. Let g be h(3). Calculate the highest common factor of g and 36.
36
Let k be 5/(-25) - (-2829)/(-30)*-4. What is the greatest common divisor of 58 and k?
29
Suppose 16*x = 21*x - w - 898, 4*x + 5*w = 730. Calculate the greatest common divisor of x and 12.
12